{"id":1522,"date":"2024-02-02T22:38:21","date_gmt":"2024-02-03T01:38:21","guid":{"rendered":"https:\/\/masquecontable.com\/?post_type=product&#038;p=1522"},"modified":"2026-03-16T17:18:10","modified_gmt":"2026-03-16T20:18:10","slug":"proyeccion-pase-a-responsable-inscripto","status":"publish","type":"product","link":"https:\/\/masquecontable.com\/en\/product\/proyeccion-pase-a-responsable-inscripto\/","title":{"rendered":"Proyecci\u00f3n pase a Responsable Inscripto"},"content":{"rendered":"<p>Confeccionamos una proyecci\u00f3n de tus n\u00fameros e impuestos a futuro, bas\u00e1ndonos en la tu facturaci\u00f3n actual, es decir, respondemos\u00a0 a la pregunta<\/p>\n<p><strong>\u00bfQu\u00e9 impuestos deber\u00edas pagar hoy si fueras responsable inscripto?<\/strong><\/p>\n<p>Te enviaremos los n\u00fameros e informe correspondiente por correo electr\u00f3nico para brindarte una visi\u00f3n anticipada de tu panorama fiscal.<\/p>","protected":false},"excerpt":{"rendered":"<p>Te enviaremos los n\u00fameros e informe correspondiente por correo electr\u00f3nico para brindarte una visi\u00f3n anticipada de tu panorama fiscal.<\/p>","protected":false},"featured_media":999,"comment_status":"closed","ping_status":"closed","template":"","meta":[],"product_brand":[],"product_cat":[36],"product_tag":[],"class_list":{"0":"post-1522","1":"product","2":"type-product","3":"status-publish","4":"has-post-thumbnail","6":"product_cat-sin-categorizar","8":"first","9":"instock","10":"virtual","11":"taxable","12":"purchasable","13":"product-type-simple"},"yoast_head":"<!-- This site is optimized with the Yoast SEO plugin v27.5 - https:\/\/yoast.com\/product\/yoast-seo-wordpress\/ -->\n<title>Proyecci\u00f3n pase a Responsable Inscripto - M\u00e1s que Contable<\/title>\n<meta name=\"robots\" content=\"index, follow, max-snippet:-1, max-image-preview:large, max-video-preview:-1\" \/>\n<link rel=\"canonical\" href=\"https:\/\/masquecontable.com\/en\/product\/proyeccion-pase-a-responsable-inscripto\/\" \/>\n<meta property=\"og:locale\" content=\"en_US\" \/>\n<meta property=\"og:type\" content=\"article\" \/>\n<meta property=\"og:title\" content=\"Proyecci\u00f3n pase a Responsable Inscripto - M\u00e1s que Contable\" \/>\n<meta property=\"og:description\" content=\"Te enviaremos los n\u00fameros e informe correspondiente por correo electr\u00f3nico para brindarte una visi\u00f3n anticipada de tu panorama fiscal.\" \/>\n<meta property=\"og:url\" content=\"https:\/\/masquecontable.com\/en\/product\/proyeccion-pase-a-responsable-inscripto\/\" \/>\n<meta property=\"og:site_name\" content=\"M\u00e1s que Contable\" \/>\n<meta property=\"article:publisher\" content=\"https:\/\/www.facebook.com\/masquecontable\/\" \/>\n<meta property=\"article:modified_time\" content=\"2026-03-16T20:18:10+00:00\" \/>\n<meta property=\"og:image\" content=\"https:\/\/masquecontable.com\/wp-content\/uploads\/2023\/11\/SMM-\u0428\u041f\u0410\u0420\u0413\u0410\u041b\u041a\u0410.jpeg\" \/>\n\t<meta property=\"og:image:width\" content=\"736\" \/>\n\t<meta property=\"og:image:height\" content=\"1104\" \/>\n\t<meta property=\"og:image:type\" content=\"image\/jpeg\" \/>\n<meta name=\"twitter:card\" content=\"summary_large_image\" \/>\n<meta name=\"twitter:label1\" content=\"Est. reading time\" \/>\n\t<meta name=\"twitter:data1\" content=\"1 minute\" \/>\n<script type=\"application\/ld+json\" class=\"yoast-schema-graph\">{\"@context\":\"https:\\\/\\\/schema.org\",\"@graph\":[{\"@type\":\"WebPage\",\"@id\":\"https:\\\/\\\/masquecontable.com\\\/producto\\\/proyeccion-pase-a-responsable-inscripto\\\/\",\"url\":\"https:\\\/\\\/masquecontable.com\\\/producto\\\/proyeccion-pase-a-responsable-inscripto\\\/\",\"name\":\"Proyecci\u00f3n pase a Responsable Inscripto - M\u00e1s que Contable\",\"isPartOf\":{\"@id\":\"https:\\\/\\\/masquecontable.com\\\/#website\"},\"primaryImageOfPage\":{\"@id\":\"https:\\\/\\\/masquecontable.com\\\/producto\\\/proyeccion-pase-a-responsable-inscripto\\\/#primaryimage\"},\"image\":{\"@id\":\"https:\\\/\\\/masquecontable.com\\\/producto\\\/proyeccion-pase-a-responsable-inscripto\\\/#primaryimage\"},\"thumbnailUrl\":\"https:\\\/\\\/masquecontable.com\\\/wp-content\\\/uploads\\\/2023\\\/11\\\/SMM-\u0428\u041f\u0410\u0420\u0413\u0410\u041b\u041a\u0410.jpeg\",\"datePublished\":\"2024-02-03T01:38:21+00:00\",\"dateModified\":\"2026-03-16T20:18:10+00:00\",\"breadcrumb\":{\"@id\":\"https:\\\/\\\/masquecontable.com\\\/producto\\\/proyeccion-pase-a-responsable-inscripto\\\/#breadcrumb\"},\"inLanguage\":\"en-US\",\"potentialAction\":[{\"@type\":\"ReadAction\",\"target\":[\"https:\\\/\\\/masquecontable.com\\\/producto\\\/proyeccion-pase-a-responsable-inscripto\\\/\"]}]},{\"@type\":\"ImageObject\",\"inLanguage\":\"en-US\",\"@id\":\"https:\\\/\\\/masquecontable.com\\\/producto\\\/proyeccion-pase-a-responsable-inscripto\\\/#primaryimage\",\"url\":\"https:\\\/\\\/masquecontable.com\\\/wp-content\\\/uploads\\\/2023\\\/11\\\/SMM-\u0428\u041f\u0410\u0420\u0413\u0410\u041b\u041a\u0410.jpeg\",\"contentUrl\":\"https:\\\/\\\/masquecontable.com\\\/wp-content\\\/uploads\\\/2023\\\/11\\\/SMM-\u0428\u041f\u0410\u0420\u0413\u0410\u041b\u041a\u0410.jpeg\",\"width\":736,\"height\":1104},{\"@type\":\"BreadcrumbList\",\"@id\":\"https:\\\/\\\/masquecontable.com\\\/producto\\\/proyeccion-pase-a-responsable-inscripto\\\/#breadcrumb\",\"itemListElement\":[{\"@type\":\"ListItem\",\"position\":1,\"name\":\"Inicio\",\"item\":\"https:\\\/\\\/masquecontable.com\\\/\"},{\"@type\":\"ListItem\",\"position\":2,\"name\":\"Contratar\",\"item\":\"https:\\\/\\\/masquecontable.com\\\/contratar\\\/\"},{\"@type\":\"ListItem\",\"position\":3,\"name\":\"Proyecci\u00f3n pase a Responsable Inscripto\"}]},{\"@type\":\"WebSite\",\"@id\":\"https:\\\/\\\/masquecontable.com\\\/#website\",\"url\":\"https:\\\/\\\/masquecontable.com\\\/\",\"name\":\"M\u00e1s que Contable\",\"description\":\"Contadora de emprendedores\",\"publisher\":{\"@id\":\"https:\\\/\\\/masquecontable.com\\\/#organization\"},\"potentialAction\":[{\"@type\":\"SearchAction\",\"target\":{\"@type\":\"EntryPoint\",\"urlTemplate\":\"https:\\\/\\\/masquecontable.com\\\/?s={search_term_string}\"},\"query-input\":{\"@type\":\"PropertyValueSpecification\",\"valueRequired\":true,\"valueName\":\"search_term_string\"}}],\"inLanguage\":\"en-US\"},{\"@type\":\"Organization\",\"@id\":\"https:\\\/\\\/masquecontable.com\\\/#organization\",\"name\":\"M\u00e1s que Contable\",\"url\":\"https:\\\/\\\/masquecontable.com\\\/\",\"logo\":{\"@type\":\"ImageObject\",\"inLanguage\":\"en-US\",\"@id\":\"https:\\\/\\\/masquecontable.com\\\/#\\\/schema\\\/logo\\\/image\\\/\",\"url\":\"https:\\\/\\\/i0.wp.com\\\/masquecontable.com\\\/wp-content\\\/uploads\\\/2020\\\/03\\\/03-MARCA-FONDO-BLANCO.jpg?fit=887%2C887&ssl=1\",\"contentUrl\":\"https:\\\/\\\/i0.wp.com\\\/masquecontable.com\\\/wp-content\\\/uploads\\\/2020\\\/03\\\/03-MARCA-FONDO-BLANCO.jpg?fit=887%2C887&ssl=1\",\"width\":887,\"height\":887,\"caption\":\"M\u00e1s que Contable\"},\"image\":{\"@id\":\"https:\\\/\\\/masquecontable.com\\\/#\\\/schema\\\/logo\\\/image\\\/\"},\"sameAs\":[\"https:\\\/\\\/www.facebook.com\\\/masquecontable\\\/\",\"https:\\\/\\\/www.instagram.com\\\/masquecontable\\\/\",\"https:\\\/\\\/www.linkedin.com\\\/in\\\/coriamicaelaailin\\\/\",\"https:\\\/\\\/www.youtube.com\\\/channel\\\/UCYppekzzE4vmUeLhl8w48IQ?view_as=subscriber\"]}]}<\/script>\n<!-- \/ Yoast SEO plugin. -->","yoast_head_json":{"title":"Proyecci\u00f3n pase a Responsable Inscripto - M\u00e1s que Contable","robots":{"index":"index","follow":"follow","max-snippet":"max-snippet:-1","max-image-preview":"max-image-preview:large","max-video-preview":"max-video-preview:-1"},"canonical":"https:\/\/masquecontable.com\/en\/product\/proyeccion-pase-a-responsable-inscripto\/","og_locale":"en_US","og_type":"article","og_title":"Proyecci\u00f3n pase a Responsable Inscripto - M\u00e1s que Contable","og_description":"Te enviaremos los n\u00fameros e informe correspondiente por correo electr\u00f3nico para brindarte una visi\u00f3n anticipada de tu panorama fiscal.","og_url":"https:\/\/masquecontable.com\/en\/product\/proyeccion-pase-a-responsable-inscripto\/","og_site_name":"M\u00e1s que Contable","article_publisher":"https:\/\/www.facebook.com\/masquecontable\/","article_modified_time":"2026-03-16T20:18:10+00:00","og_image":[{"width":736,"height":1104,"url":"https:\/\/masquecontable.com\/wp-content\/uploads\/2023\/11\/SMM-\u0428\u041f\u0410\u0420\u0413\u0410\u041b\u041a\u0410.jpeg","type":"image\/jpeg"}],"twitter_card":"summary_large_image","twitter_misc":{"Est. reading time":"1 minute"},"schema":{"@context":"https:\/\/schema.org","@graph":[{"@type":"WebPage","@id":"https:\/\/masquecontable.com\/producto\/proyeccion-pase-a-responsable-inscripto\/","url":"https:\/\/masquecontable.com\/producto\/proyeccion-pase-a-responsable-inscripto\/","name":"Proyecci\u00f3n pase a Responsable Inscripto - M\u00e1s que Contable","isPartOf":{"@id":"https:\/\/masquecontable.com\/#website"},"primaryImageOfPage":{"@id":"https:\/\/masquecontable.com\/producto\/proyeccion-pase-a-responsable-inscripto\/#primaryimage"},"image":{"@id":"https:\/\/masquecontable.com\/producto\/proyeccion-pase-a-responsable-inscripto\/#primaryimage"},"thumbnailUrl":"https:\/\/masquecontable.com\/wp-content\/uploads\/2023\/11\/SMM-\u0428\u041f\u0410\u0420\u0413\u0410\u041b\u041a\u0410.jpeg","datePublished":"2024-02-03T01:38:21+00:00","dateModified":"2026-03-16T20:18:10+00:00","breadcrumb":{"@id":"https:\/\/masquecontable.com\/producto\/proyeccion-pase-a-responsable-inscripto\/#breadcrumb"},"inLanguage":"en-US","potentialAction":[{"@type":"ReadAction","target":["https:\/\/masquecontable.com\/producto\/proyeccion-pase-a-responsable-inscripto\/"]}]},{"@type":"ImageObject","inLanguage":"en-US","@id":"https:\/\/masquecontable.com\/producto\/proyeccion-pase-a-responsable-inscripto\/#primaryimage","url":"https:\/\/masquecontable.com\/wp-content\/uploads\/2023\/11\/SMM-\u0428\u041f\u0410\u0420\u0413\u0410\u041b\u041a\u0410.jpeg","contentUrl":"https:\/\/masquecontable.com\/wp-content\/uploads\/2023\/11\/SMM-\u0428\u041f\u0410\u0420\u0413\u0410\u041b\u041a\u0410.jpeg","width":736,"height":1104},{"@type":"BreadcrumbList","@id":"https:\/\/masquecontable.com\/producto\/proyeccion-pase-a-responsable-inscripto\/#breadcrumb","itemListElement":[{"@type":"ListItem","position":1,"name":"Inicio","item":"https:\/\/masquecontable.com\/"},{"@type":"ListItem","position":2,"name":"Contratar","item":"https:\/\/masquecontable.com\/contratar\/"},{"@type":"ListItem","position":3,"name":"Proyecci\u00f3n pase a Responsable Inscripto"}]},{"@type":"WebSite","@id":"https:\/\/masquecontable.com\/#website","url":"https:\/\/masquecontable.com\/","name":"M\u00e1s que Contable","description":"Contadora de emprendedores","publisher":{"@id":"https:\/\/masquecontable.com\/#organization"},"potentialAction":[{"@type":"SearchAction","target":{"@type":"EntryPoint","urlTemplate":"https:\/\/masquecontable.com\/?s={search_term_string}"},"query-input":{"@type":"PropertyValueSpecification","valueRequired":true,"valueName":"search_term_string"}}],"inLanguage":"en-US"},{"@type":"Organization","@id":"https:\/\/masquecontable.com\/#organization","name":"M\u00e1s que Contable","url":"https:\/\/masquecontable.com\/","logo":{"@type":"ImageObject","inLanguage":"en-US","@id":"https:\/\/masquecontable.com\/#\/schema\/logo\/image\/","url":"https:\/\/i0.wp.com\/masquecontable.com\/wp-content\/uploads\/2020\/03\/03-MARCA-FONDO-BLANCO.jpg?fit=887%2C887&ssl=1","contentUrl":"https:\/\/i0.wp.com\/masquecontable.com\/wp-content\/uploads\/2020\/03\/03-MARCA-FONDO-BLANCO.jpg?fit=887%2C887&ssl=1","width":887,"height":887,"caption":"M\u00e1s que Contable"},"image":{"@id":"https:\/\/masquecontable.com\/#\/schema\/logo\/image\/"},"sameAs":["https:\/\/www.facebook.com\/masquecontable\/","https:\/\/www.instagram.com\/masquecontable\/","https:\/\/www.linkedin.com\/in\/coriamicaelaailin\/","https:\/\/www.youtube.com\/channel\/UCYppekzzE4vmUeLhl8w48IQ?view_as=subscriber"]}]}},"_links":{"self":[{"href":"https:\/\/masquecontable.com\/en\/wp-json\/wp\/v2\/product\/1522","targetHints":{"allow":["GET"]}}],"collection":[{"href":"https:\/\/masquecontable.com\/en\/wp-json\/wp\/v2\/product"}],"about":[{"href":"https:\/\/masquecontable.com\/en\/wp-json\/wp\/v2\/types\/product"}],"replies":[{"embeddable":true,"href":"https:\/\/masquecontable.com\/en\/wp-json\/wp\/v2\/comments?post=1522"}],"wp:featuredmedia":[{"embeddable":true,"href":"https:\/\/masquecontable.com\/en\/wp-json\/wp\/v2\/media\/999"}],"wp:attachment":[{"href":"https:\/\/masquecontable.com\/en\/wp-json\/wp\/v2\/media?parent=1522"}],"wp:term":[{"taxonomy":"product_brand","embeddable":true,"href":"https:\/\/masquecontable.com\/en\/wp-json\/wp\/v2\/product_brand?post=1522"},{"taxonomy":"product_cat","embeddable":true,"href":"https:\/\/masquecontable.com\/en\/wp-json\/wp\/v2\/product_cat?post=1522"},{"taxonomy":"product_tag","embeddable":true,"href":"https:\/\/masquecontable.com\/en\/wp-json\/wp\/v2\/product_tag?post=1522"}],"curies":[{"name":"wp","href":"https:\/\/api.w.org\/{rel}","templated":true}]}}

Proyección pase a Responsable Inscripto

<p>Confeccionamos una proyección de tus números e impuestos a futuro, basándonos en la tu facturación actual, es decir, respondemos  a la pregunta</p>
<p><strong>¿Qué impuestos deberías pagar hoy si fueras responsable inscripto?</strong></p>
<p>Te enviaremos los números e informe correspondiente por correo electrónico para brindarte una visión anticipada de tu panorama fiscal.</p>

<p>Te enviaremos los números e informe correspondiente por correo electrónico para brindarte una visión anticipada de tu panorama fiscal.</p>

<!-- This site is optimized with the Yoast SEO plugin v27.5 - https://yoast.com/product/yoast-seo-wordpress/ -->
<title>Proyección pase a Responsable Inscripto - Más que Contable</title>
<meta name="robots" content="index, follow, max-snippet:-1, max-image-preview:large, max-video-preview:-1" />
<link rel="canonical" href="https://masquecontable.com/en/product/proyeccion-pase-a-responsable-inscripto/" />
<meta property="og:locale" content="en_US" />
<meta property="og:type" content="article" />
<meta property="og:title" content="Proyección pase a Responsable Inscripto - Más que Contable" />
<meta property="og:description" content="Te enviaremos los números e informe correspondiente por correo electrónico para brindarte una visión anticipada de tu panorama fiscal." />
<meta property="og:url" content="https://masquecontable.com/en/product/proyeccion-pase-a-responsable-inscripto/" />
<meta property="og:site_name" content="Más que Contable" />
<meta property="article:publisher" content="https://www.facebook.com/masquecontable/" />
<meta property="article:modified_time" content="2026-03-16T20:18:10+00:00" />
<meta property="og:image" content="https://masquecontable.com/wp-content/uploads/2023/11/SMM-ШПАРГАЛКА.jpeg" />
	<meta property="og:image:width" content="736" />
	<meta property="og:image:height" content="1104" />
	<meta property="og:image:type" content="image/jpeg" />
<meta name="twitter:card" content="summary_large_image" />
<meta name="twitter:label1" content="Est. reading time" />
	<meta name="twitter:data1" content="1 minute" />
<script type="application/ld+json" class="yoast-schema-graph">{"@context":"https:\/\/schema.org","@graph":[{"@type":"WebPage","@id":"https:\/\/masquecontable.com\/producto\/proyeccion-pase-a-responsable-inscripto\/","url":"https:\/\/masquecontable.com\/producto\/proyeccion-pase-a-responsable-inscripto\/","name":"Proyección pase a Responsable Inscripto - Más que Contable","isPartOf":{"@id":"https:\/\/masquecontable.com\/#website"},"primaryImageOfPage":{"@id":"https:\/\/masquecontable.com\/producto\/proyeccion-pase-a-responsable-inscripto\/#primaryimage"},"image":{"@id":"https:\/\/masquecontable.com\/producto\/proyeccion-pase-a-responsable-inscripto\/#primaryimage"},"thumbnailUrl":"https:\/\/masquecontable.com\/wp-content\/uploads\/2023\/11\/SMM-ШПАРГАЛКА.jpeg","datePublished":"2024-02-03T01:38:21+00:00","dateModified":"2026-03-16T20:18:10+00:00","breadcrumb":{"@id":"https:\/\/masquecontable.com\/producto\/proyeccion-pase-a-responsable-inscripto\/#breadcrumb"},"inLanguage":"en-US","potentialAction":[{"@type":"ReadAction","target":["https:\/\/masquecontable.com\/producto\/proyeccion-pase-a-responsable-inscripto\/"]}]},{"@type":"ImageObject","inLanguage":"en-US","@id":"https:\/\/masquecontable.com\/producto\/proyeccion-pase-a-responsable-inscripto\/#primaryimage","url":"https:\/\/masquecontable.com\/wp-content\/uploads\/2023\/11\/SMM-ШПАРГАЛКА.jpeg","contentUrl":"https:\/\/masquecontable.com\/wp-content\/uploads\/2023\/11\/SMM-ШПАРГАЛКА.jpeg","width":736,"height":1104},{"@type":"BreadcrumbList","@id":"https:\/\/masquecontable.com\/producto\/proyeccion-pase-a-responsable-inscripto\/#breadcrumb","itemListElement":[{"@type":"ListItem","position":1,"name":"Inicio","item":"https:\/\/masquecontable.com\/"},{"@type":"ListItem","position":2,"name":"Contratar","item":"https:\/\/masquecontable.com\/contratar\/"},{"@type":"ListItem","position":3,"name":"Proyección pase a Responsable Inscripto"}]},{"@type":"WebSite","@id":"https:\/\/masquecontable.com\/#website","url":"https:\/\/masquecontable.com\/","name":"Más que Contable","description":"Contadora de emprendedores","publisher":{"@id":"https:\/\/masquecontable.com\/#organization"},"potentialAction":[{"@type":"SearchAction","target":{"@type":"EntryPoint","urlTemplate":"https:\/\/masquecontable.com\/?s={search_term_string}"},"query-input":{"@type":"PropertyValueSpecification","valueRequired":true,"valueName":"search_term_string"}}],"inLanguage":"en-US"},{"@type":"Organization","@id":"https:\/\/masquecontable.com\/#organization","name":"Más que Contable","url":"https:\/\/masquecontable.com\/","logo":{"@type":"ImageObject","inLanguage":"en-US","@id":"https:\/\/masquecontable.com\/#\/schema\/logo\/image\/","url":"https:\/\/i0.wp.com\/masquecontable.com\/wp-content\/uploads\/2020\/03\/03-MARCA-FONDO-BLANCO.jpg?fit=887%2C887&ssl=1","contentUrl":"https:\/\/i0.wp.com\/masquecontable.com\/wp-content\/uploads\/2020\/03\/03-MARCA-FONDO-BLANCO.jpg?fit=887%2C887&ssl=1","width":887,"height":887,"caption":"Más que Contable"},"image":{"@id":"https:\/\/masquecontable.com\/#\/schema\/logo\/image\/"},"sameAs":["https:\/\/www.facebook.com\/masquecontable\/","https:\/\/www.instagram.com\/masquecontable\/","https:\/\/www.linkedin.com\/in\/coriamicaelaailin\/","https:\/\/www.youtube.com\/channel\/UCYppekzzE4vmUeLhl8w48IQ?view_as=subscriber"]}]}</script>
<!-- / Yoast SEO plugin. -->

Proyección pase a Responsable Inscripto - Más que Contable

Te enviaremos los números e informe correspondiente por correo electrónico para brindarte una visión anticipada de tu panorama fiscal.

Más que Contable

https://masquecontable.com/wp-content/uploads/2023/11/SMM-ШПАРГАЛКА.jpeg
